{"id":490,"date":"2023-06-26T08:43:45","date_gmt":"2023-06-26T13:43:45","guid":{"rendered":"https:\/\/www.jmjatlanta.com\/?page_id=490"},"modified":"2023-07-18T08:18:52","modified_gmt":"2023-07-18T13:18:52","slug":"corredor-movil_es","status":"publish","type":"page","link":"https:\/\/www.jmjatlanta.com\/index.php\/productos\/corredor-movil_es\/","title":{"rendered":"Corredor M\u00f3vil"},"content":{"rendered":"\n<p>\u201cCorredor M\u00f3vil\u201d es una aplicaci\u00f3n m\u00f3vil que proporciona a los clientes acceso a la bolsa de valores Latinex a trav\u00e9s de su empresa de corretaje.<\/p>\n\n\n\n<p>Luego de descargar la app a su dispositivo, nuevos usuarios son capaces de crear una cuenta o ingresar a una ya existente.<\/p>\n\n\n\n<h2 class=\"wp-block-heading\">Apertura de una cuenta desde su dispositivo<\/h2>\n\n\n\n<figure class=\"wp-block-image alignleft size-large is-resized\"><img fetchpriority=\"high\" decoding=\"async\" src=\"https:\/\/www.jmjatlanta.com\/wp-content\/uploads\/2023\/06\/LoginAndRegistrationOverlapped-595x1024.png\" alt=\"\" class=\"wp-image-473\" width=\"253\" height=\"436\" srcset=\"https:\/\/www.jmjatlanta.com\/wp-content\/uploads\/2023\/06\/LoginAndRegistrationOverlapped-595x1024.png 595w, https:\/\/www.jmjatlanta.com\/wp-content\/uploads\/2023\/06\/LoginAndRegistrationOverlapped-174x300.png 174w, https:\/\/www.jmjatlanta.com\/wp-content\/uploads\/2023\/06\/LoginAndRegistrationOverlapped-768x1322.png 768w, https:\/\/www.jmjatlanta.com\/wp-content\/uploads\/2023\/06\/LoginAndRegistrationOverlapped-893x1536.png 893w, https:\/\/www.jmjatlanta.com\/wp-content\/uploads\/2023\/06\/LoginAndRegistrationOverlapped-1190x2048.png 1190w, https:\/\/www.jmjatlanta.com\/wp-content\/uploads\/2023\/06\/LoginAndRegistrationOverlapped.png 1504w\" sizes=\"(max-width: 253px) 100vw, 253px\" \/><\/figure>\n\n\n\n<p>Se presentan una serie de campos que permiten al usuario proporcionar la informaci\u00f3n necesaria a la empresa de corretaje. Una vez completadas, sus respuestas son enviadas al sistema Embark y se inicia el proceso de incorporaci\u00f3n.<\/p>\n\n\n\n<p>De ser necesario obtener datos adicionales del cliente, o si el estado de su cuenta cambia, dicha informaci\u00f3n puede ser enviada directamente al dispositivo del mismo.<\/p>\n\n\n\n<p>Incluso si el proceso de apertura de cuenta est\u00e1 incompleto, los usuarios pueden acceder a la informaci\u00f3n del mercado y crear listas de seguimiento. Esto permite la familiarizaci\u00f3n con la aplicaci\u00f3n mientras se completa e proceso de apertura de su cuenta.<\/p>\n\n\n\n<h2 class=\"wp-block-heading\">Lista de seguimeiento e informaci\u00f3n de Acciones<\/h2>\n\n\n\n<figure class=\"wp-block-image alignright size-large is-resized\"><img decoding=\"async\" src=\"https:\/\/www.jmjatlanta.com\/wp-content\/uploads\/2023\/06\/WatchlistAndValorOverlapped-645x1024.png\" alt=\"\" class=\"wp-image-474\" width=\"271\" height=\"430\" srcset=\"https:\/\/www.jmjatlanta.com\/wp-content\/uploads\/2023\/06\/WatchlistAndValorOverlapped-645x1024.png 645w, https:\/\/www.jmjatlanta.com\/wp-content\/uploads\/2023\/06\/WatchlistAndValorOverlapped-189x300.png 189w, https:\/\/www.jmjatlanta.com\/wp-content\/uploads\/2023\/06\/WatchlistAndValorOverlapped-768x1220.png 768w, https:\/\/www.jmjatlanta.com\/wp-content\/uploads\/2023\/06\/WatchlistAndValorOverlapped-967x1536.png 967w, https:\/\/www.jmjatlanta.com\/wp-content\/uploads\/2023\/06\/WatchlistAndValorOverlapped-1289x2048.png 1289w, https:\/\/www.jmjatlanta.com\/wp-content\/uploads\/2023\/06\/WatchlistAndValorOverlapped.png 1458w\" sizes=\"(max-width: 271px) 100vw, 271px\" \/><\/figure>\n\n\n\n<p>El registro completo de opciones de inversi\u00f3n est\u00e1 disponible para ser agregada a la lista de seguimiento. Una vez agregadas a la lista de seguimiento y seleccionadas, se muestra informaci\u00f3n b\u00e1sica sobre la empresa y un gr\u00e1fico con los \u00faltimos precios.<\/p>\n\n\n\n<p>En futuras versiones tambi\u00e9n se incluir\u00e1n los titulares de noticias m\u00e1s recientes de la empresa, con la posibilidad de hacer clic para obtener el art\u00edculo de noticias utilizando su navegador.<\/p>\n\n\n\n<p>El bot\u00f3n &#8220;Invertir&#8221; se activa si la cuenta est\u00e1 abierta y financiada. Si se hace clic, el usuario puede crear y enviar una nueva orden al Sistema de Gesti\u00f3n de \u00d3rdenes de su corretaje.<\/p>\n\n\n\n<h2 class=\"wp-block-heading\">Portafolio y \u00d3rdenes<\/h2>\n\n\n\n<figure class=\"wp-block-image alignleft size-large is-resized\"><img decoding=\"async\" src=\"https:\/\/www.jmjatlanta.com\/wp-content\/uploads\/2023\/06\/PortfolioAndNewOrder-691x1024.png\" alt=\"\" class=\"wp-image-476\" width=\"299\" height=\"443\" srcset=\"https:\/\/www.jmjatlanta.com\/wp-content\/uploads\/2023\/06\/PortfolioAndNewOrder-691x1024.png 691w, https:\/\/www.jmjatlanta.com\/wp-content\/uploads\/2023\/06\/PortfolioAndNewOrder-203x300.png 203w, https:\/\/www.jmjatlanta.com\/wp-content\/uploads\/2023\/06\/PortfolioAndNewOrder-768x1138.png 768w, https:\/\/www.jmjatlanta.com\/wp-content\/uploads\/2023\/06\/PortfolioAndNewOrder-1037x1536.png 1037w, https:\/\/www.jmjatlanta.com\/wp-content\/uploads\/2023\/06\/PortfolioAndNewOrder-1382x2048.png 1382w, https:\/\/www.jmjatlanta.com\/wp-content\/uploads\/2023\/06\/PortfolioAndNewOrder.png 1533w\" sizes=\"(max-width: 299px) 100vw, 299px\" \/><\/figure>\n\n\n\n<p>Navegar hacia &#8220;Portafolio&#8221; permite al usuario ver sus inversiones existentes, as\u00ed como sus \u00f3rdenes activas. Las \u00f3rdenes activas tambi\u00e9n se pueden cancelar desde esta secci\u00f3n.<\/p>\n\n\n\n<h2 class=\"wp-block-heading\">Requisitos t\u00e9cnicos<\/h2>\n\n\n\n<p>Corredor M\u00f3vil est\u00e1 desarrollado en Java y Kotlin. Funcionar\u00e1 en m\u00e1s del 90% de los tel\u00e9fonos y tabletas Android que se utilizan actualmente. Se requiere una conexi\u00f3n a Internet para acceder a los datos del mercado y la funcionalidad de las \u00f3rdenes.<\/p>\n\n\n\n<p>La aplicaci\u00f3n est\u00e1 dise\u00f1ada para ser f\u00e1cilmente personalizada para adaptarse a la imagen de marca de su empresa de corretaje. Los logotipos y esquemas de color se a\u00f1aden durante el proceso de implementaci\u00f3n.<\/p>\n\n\n\n<h2 class=\"wp-block-heading\">Estado de desarrollo<\/h2>\n\n\n\n<p>Corredor M\u00f3vil se encuentra actualmente en desarrollo y acerc\u00e1ndose a la etapa de pruebas de implementaci\u00f3n. Se puede descargar una versi\u00f3n de prueba con datos de muestra ingresando a <a href=\"https:\/\/jmjatlanta.com\/embark_apk\/app-debug.apk\">https:\/\/jmjatlanta.com\/embark_apk\/app-debug.apk<\/a><\/p>\n\n\n\n<p><\/p>\n","protected":false},"excerpt":{"rendered":"<p>\u201cCorredor M\u00f3vil\u201d es una aplicaci\u00f3n m\u00f3vil que proporciona a los clientes acceso a la bolsa de valores Latinex a trav\u00e9s de su empresa de corretaje. Luego de descargar la app a su dispositivo, nuevos usuarios son capaces de crear una cuenta o ingresar a una ya existente. Apertura de una cuenta desde su dispositivo Se [&hellip;]<\/p>\n","protected":false},"author":1,"featured_media":0,"parent":493,"menu_order":0,"comment_status":"closed","ping_status":"closed","template":"","meta":{"footnotes":""},"class_list":["post-490","page","type-page","status-publish","hentry"],"blocksy_meta":[],"_links":{"self":[{"href":"https:\/\/www.jmjatlanta.com\/index.php\/wp-json\/wp\/v2\/pages\/490","targetHints":{"allow":["GET"]}}],"collection":[{"href":"https:\/\/www.jmjatlanta.com\/index.php\/wp-json\/wp\/v2\/pages"}],"about":[{"href":"https:\/\/www.jmjatlanta.com\/index.php\/wp-json\/wp\/v2\/types\/page"}],"author":[{"embeddable":true,"href":"https:\/\/www.jmjatlanta.com\/index.php\/wp-json\/wp\/v2\/users\/1"}],"replies":[{"embeddable":true,"href":"https:\/\/www.jmjatlanta.com\/index.php\/wp-json\/wp\/v2\/comments?post=490"}],"version-history":[{"count":2,"href":"https:\/\/www.jmjatlanta.com\/index.php\/wp-json\/wp\/v2\/pages\/490\/revisions"}],"predecessor-version":[{"id":512,"href":"https:\/\/www.jmjatlanta.com\/index.php\/wp-json\/wp\/v2\/pages\/490\/revisions\/512"}],"up":[{"embeddable":true,"href":"https:\/\/www.jmjatlanta.com\/index.php\/wp-json\/wp\/v2\/pages\/493"}],"wp:attachment":[{"href":"https:\/\/www.jmjatlanta.com\/index.php\/wp-json\/wp\/v2\/media?parent=490"}],"curies":[{"name":"wp","href":"https:\/\/api.w.org\/{rel}","templated":true}]}}