{"id":500,"date":"2023-06-26T09:05:56","date_gmt":"2023-06-26T14:05:56","guid":{"rendered":"https:\/\/www.jmjatlanta.com\/?page_id=500"},"modified":"2023-07-18T13:34:03","modified_gmt":"2023-07-18T18:34:03","slug":"bolsa_es","status":"publish","type":"page","link":"https:\/\/www.jmjatlanta.com\/index.php\/productos\/bolsa_es\/","title":{"rendered":"Bolsa"},"content":{"rendered":"\n<p>El coraz\u00f3n de un intercambio es el motor de correspondencia. Bolsa es un libro de \u00f3rdenes de l\u00edmite centralizado que proporciona la velocidad que necesita su intercambio.<\/p>\n\n\n\n<p>Bolsa es parte de la Suite Exchange de productos de JMJ Atlanta. Usando protocolos est\u00e1ndar de la industria e interfaces definidas, Bolsa se integra con otros componentes administrativos, independientemente del proveedor.<\/p>\n\n\n\n<h2 class=\"wp-block-heading\">Conectividad<\/h2>\n\n\n\n<p>Bolsa puede recibir \u00f3rdenes a trav\u00e9s de FIX, OUCH y protocolos propietarios. Todas las acciones dentro del motor se informan a trav\u00e9s de FIX, OUCH, ITCH o su flujo de datos patentado.<\/p>\n\n\n\n<h2 class=\"wp-block-heading\">Escalabilidad<\/h2>\n\n\n\n<p>Bolsa est\u00e1 dise\u00f1ado para la velocidad y puede manejar m\u00faltiples libros de pedidos. Escalar verticalmente no es un problema, incluida la implementaci\u00f3n en hardware especializado. El escalado horizontal se facilita mediante la implementaci\u00f3n de un subconjunto de libros de pedidos en cada instancia.<\/p>\n\n\n\n<h2 class=\"wp-block-heading\">Alojado o Interno<\/h2>\n\n\n\n<p>El motor fue construido para la eficiencia. Se conservan la memoria y la potencia de procesamiento, lo que convierte a Bolsa en una excelente opci\u00f3n para implementaciones internas y en la nube.<\/p>\n\n\n\n<h2 class=\"wp-block-heading\">Personalizable<\/h2>\n\n\n\n<p>Cada intercambio tiene sus diferencias. Las estructuras regulatorias y de mercado cambian constantemente. Todos los d\u00edas se implementan nuevos productos financieros y derivados. JMJ Atlanta trabaja con usted para garantizar que las nuevas ofertas se negocien con facilidad.<\/p>\n","protected":false},"excerpt":{"rendered":"<p>El coraz\u00f3n de un intercambio es el motor de correspondencia. Bolsa es un libro de \u00f3rdenes de l\u00edmite centralizado que proporciona la velocidad que necesita su intercambio. Bolsa es parte de la Suite Exchange de productos de JMJ Atlanta. Usando protocolos est\u00e1ndar de la industria e interfaces definidas, Bolsa se integra con otros componentes administrativos, [&hellip;]<\/p>\n","protected":false},"author":1,"featured_media":0,"parent":493,"menu_order":40,"comment_status":"closed","ping_status":"closed","template":"","meta":{"footnotes":""},"class_list":["post-500","page","type-page","status-publish","hentry"],"blocksy_meta":[],"_links":{"self":[{"href":"https:\/\/www.jmjatlanta.com\/index.php\/wp-json\/wp\/v2\/pages\/500","targetHints":{"allow":["GET"]}}],"collection":[{"href":"https:\/\/www.jmjatlanta.com\/index.php\/wp-json\/wp\/v2\/pages"}],"about":[{"href":"https:\/\/www.jmjatlanta.com\/index.php\/wp-json\/wp\/v2\/types\/page"}],"author":[{"embeddable":true,"href":"https:\/\/www.jmjatlanta.com\/index.php\/wp-json\/wp\/v2\/users\/1"}],"replies":[{"embeddable":true,"href":"https:\/\/www.jmjatlanta.com\/index.php\/wp-json\/wp\/v2\/comments?post=500"}],"version-history":[{"count":1,"href":"https:\/\/www.jmjatlanta.com\/index.php\/wp-json\/wp\/v2\/pages\/500\/revisions"}],"predecessor-version":[{"id":501,"href":"https:\/\/www.jmjatlanta.com\/index.php\/wp-json\/wp\/v2\/pages\/500\/revisions\/501"}],"up":[{"embeddable":true,"href":"https:\/\/www.jmjatlanta.com\/index.php\/wp-json\/wp\/v2\/pages\/493"}],"wp:attachment":[{"href":"https:\/\/www.jmjatlanta.com\/index.php\/wp-json\/wp\/v2\/media?parent=500"}],"curies":[{"name":"wp","href":"https:\/\/api.w.org\/{rel}","templated":true}]}}